 the units digit of u?
8
Let p = 264 + -177. What is the units digit of p?
7
Let f(l) = -l**3 + 6*l**2 - 3*l - 2. Let q be (-5 + 9/3)*-1. Suppose -w + 12 = q*w. What is the units digit of f(w)?
8
Suppose 0 = 4*r - 8 - 12. Suppose r = 4*q + q. What is the units digit of q?
1
Let s(n) = -16*n + 4. Let c be s(3). Let w = -10 - c. What is the tens digit of w?
3
Let u(t) = t**2 - 7*t + 2. Let o be u(7). Let k = 17 - o. What is the units digit of k?
5
Suppose 20 = 4*c, 0*c - 13 = 2*y + 3*c. Let h = 25 + y. What is the units digit of h?
1
Suppose -32 = -g - 9. Suppose -2*q + g - 100 = -5*s, 2*q + 32 = 2*s. What is the tens digit of s?
1
Let l(w) = -w**3 + 5*w**2 + 7*w + 2. Let c be l(6). Suppose -c = 4*x + 2*n, 2*n + 4 = 4*x - 4. Suppose -5*v + 35 = -x*v. What is the units digit of v?
7
Suppose 0 = 3*u + 7 - 19. What is the units digit of u?
4
Suppose -10*z + 8*z + 18 = 0. Suppose -3*h = -z - 66. What is the tens digit of h?
2
Let y = -10 + -14. Let w be y*((-4)/2 + 1). Let u = w + -13. What is the units digit of u?
1
Suppose 3*k = 3, 8 = -j - k - 13. Let t = 34 + j. What is the units digit of t?
2
Suppose 6 = 4*z - 3*z. Suppose 6*u - z = 4*u. What is the units digit of u?
3
Let a(b) = -b**3 - 3*b**2 - 2*b + 1. Let w be a(-2). Let t = 4 - w. What is the units digit of (t + 0)*2/3?
2
Let y(r) = -r**2 + 9*r. Let c be y(7). Let v be ((-3)/(-2))/(12/(-64)). What is the units digit of (v - -7)/((-2)/c)?
7
Suppose -8*m = g - 4*m - 129, 2*g - m = 213. What is the tens digit of g?
0
Let x = 117 - 64. Suppose x = 3*f - 22. What is the tens digit of f?
2
Suppose 0 = 5*x + 20, -5*i = 4*x - 3*x - 401. What is the units digit of i?
1
Suppose -2*q - 18 + 6 = 0. Suppose -3*m = 4*o - 0*o + 35, 5*m - o = -43. What is the tens digit of (68/6)/(q/m)?
1
Let m(s) = s**2 + 2*s - 5. Let w be m(-4). Let y = 4 - w. What is the units digit of y?
1
Let c(v) = v. Let d(w) = w**2 + 10*w + 5. Let y(s) = -4*c(s) + d(s). What is the tens digit of y(-10)?
4
Suppose g - 2*d = 58, -g + 3*d - 138 = -4*g. Suppose -115 - g = -5*c. What is the tens digit of c?
3
Suppose 4*o - 66 = 3*o. Suppose -2*c = -0*u + 3*u - 97, -c + o = 2*u. Suppose 0 = 3*z - 5*i - u - 5, 2*z = -i + 5. What is the units digit of z?
5
What is the tens digit of (2 - 1)*(3 - -11)?
1
Let f(m) = -2*m + 1. Let t be (-3)/(2 + -1) + 2. What is the units digit of f(t)?
3
Let k(v) = -10*v + 9. What is the units digit of k(-17)?
9
Let q = -1 + 3. Suppose 4 = 3*h - q. What is the units digit of h?
2
What is the tens digit of -55*((-6)/(-2) + -4) + -1?
5
Suppose -14*b = -17*b + 87. What is the tens digit of b?
2
Suppose 2*f + 8 = -f - 2*o, -3*f + 4*o = 2. Let h(z) be the third derivative of -z**6/120 + z**5/20 + z**4/6 + z**3/3 - 3*z**2. What is the units digit of h(f)?
4
Let l = 42 - 71. Let d = -10 - l. What is the units digit of d?
9
Suppose 0 = -2*p - 3 + 7. Suppose 0 = -5*w - 4*g + 10, -p*g = 5*w - 3 - 17. What is the units digit of w?
6
Let r = -15 - -32. What is the units digit of r?
7
Let y(g) = -g**3 + 5*g**2 - g. Let q be y(5). Let w = q - -8. What is the units digit of w?
3
Suppose -4*y + 0*y + d - 71 = 0, 2*y - 5*d + 13 = 0. Let c be 7/14 - y/(-2). What is the units digit of 0/(-1) + c/(-1)?
9
Let h(d) = d**3 + 7*d**2 + 8*d + 5. Let f be h(-5). Let p = f - 5. What is the units digit of p?
0
Let b = 0 - -3. Suppose -2*a + 15 = u, 5*a - 40 - 5 = -b*u. What is the units digit of u?
5
Let c(l) = 13*l**3 - 32*l**2 - 40*l - 11. Let x(d) = 3*d**3 - 8*d**2 - 10*d - 3. Let j(p) = 2*c(p) - 9*x(p). What is the units digit of j(9)?
4
Let i = -7 + 9. What is the units digit of i?
2
Suppose 30 = 3*f - 0*f. Let a = f + 17. What is the units digit of a?
7
Suppose 2*l - 7 = 13. Let n = 33 - l. What is the units digit of n?
3
Let y be (2/(-2) + 2)*-9. Let b = 1 - y. What is the tens digit of b?
1
Suppose 35 = o - 3*t, 4*o + 10 - 110 = 2*t. What is the units digit of o?
3
Suppose -2*p - 1 = -5. Suppose 4*n = r + p*r + 9, -r = -2*n + 3. Suppose n = j + 2 - 9. What is the units digit of j?
7
Let r = 113 - 35. What is the units digit of r?
8
Let j = 173 + -51. What is the tens digit of j?
2
Suppose 0 = -3*q + 9*n - 7*n + 145, n + 5 = 0. What is the tens digit of q?
4
Let z(m) = m**3 - 8*m**2 + 10*m + 5. Let s(j) = j**3 - j**2 + j. Suppose 0 = i - 6*i - 5. Let f(r) = i*z(r) + 2*s(r). What is the units digit of f(-7)?
2
Let f = -23 - -14. Let a = f + 16. Let o(n) = -n**3 + 7*n**2 + n - 3. What is the units digit of o(a)?
4
Let z(p) = -4*p - 8. What is the units digit of z(-8)?
4
Let w(i) = -i + 1. Let a(m) = -m**2 - m + 5. Let b be 3 + (-4 - (-4 + 2)). Let s(h) = b*a(h) - 5*w(h). What is the units digit of s(3)?
3
Suppose 6 = -q - 3*j, 2*j + 2 = -4*q - 2. What is the units digit of q - ((0 - 3) + 1)?
2
What is the units digit of 3/(1/7 - 0)?
1
Let r(d) be the second derivative of 1/20*d**5 + 7/6*d**3 - 3/4*d**4 + 9/2*d**2 + 2*d + 0. What is the units digit of r(8)?
1
Let q(u) = -u**3 - 3*u**2 + 5*u + 1. What is the tens digit of q(-5)?
2
Suppose 4*a + a + 5*w + 80 = 0, a = 4*w - 21. What is the units digit of (-10 - -12)/((-2)/a)?
7
Let f = 6 - 3. Let p = 16 - 11. Suppose p*m - 40 = -4*w, 0 = -3*w - 0*w - f*m + 33. What is the units digit of w?
5
Suppose 4*w = o - 40, -3*o + 212 = 4*w + 60. What is the units digit of o?
8
Let b(f) = f**2 - 2*f. Let a be b(2). Let n = a + -24. What is the units digit of ((-4)/(-3))/((-4)/n)?
8
Suppose 4*n = 3*v + 70, -4*v = -5*n + 2*n + 49. What is the tens digit of n?
1
Let p(v) = -v - 2. Let d be p(9). Let x(i) = i + 16. What is the units digit of x(d)?
5
Suppose 8*q + 110 = 3*q. Let r = -6 - q. What is the units digit of r?
6
Let j be (-125)/15 - 2/(-6). Let b = -4 - j. What is the units digit of b?
4
Suppose -5*p - 5*k = -151 - 29, -5*p + 4*k + 189 = 0. Let f = p + -13. What is the tens digit of f?
2
Let h = -4 - -4. Let u be 4/(h/(-2) - -2). Suppose u*a - a = 6. What is the units digit of a?
6
Suppose 0 = 2*w - 163 - 69. Suppose 47 = -2*i + 3*d - 35, d = 3*i + w. What is the units digit of i/(-4) + 1/2?
0
Let l = 6 - 5. Let s be l + 1 - (-9 + 7). Let r = s - -5. What is the units digit of r?
9
Let h(x) = x**3 + 3. Let k be h(0). Suppose k*m - 5*m + 76 = 0. What is the tens digit of m?
3
Suppose 3*r = a - 8, -2*a = -2*r + 4*r. Let c(v) = 2*v**3 + v**2 - 4*v + 3. What is the units digit of c(a)?
5
Let m be 1/((-4)/(-28)) + -4. Suppose u + 0*u - 5 = 0. Suppose u*v + m = 63. What is the tens digit of v?
1
Suppose 3*m - 5*p + 15 = -9, p = 3*m + 12. What is the units digit of (2 + m)*-5*1?
5
Let g(o) = o**3 + 13*o**2 + 7*o + 17. Let n be g(-12). Suppose 0 = 4*k - 5*c - 21 - 78, 3*k - c = n. What is the tens digit of k?
2
What is the units digit of 50 - (-2 - -1) - 2?
9
Let m = 672 - 309. What is the hundreds digit of m?
3
Let g be (3 + 19)*(-2)/(-4). Suppose 2*v - 20 = -3*d, -4*d = -3 + g. What is the units digit of v?
3
Suppose 13 + 6 = 3*s - n, 3*s = -5*n - 5. Suppose -5 = -3*p - s*u, 5*p + u = -3*u + 17. What is the units digit of p?
5
Suppose -2*n = -2*m + 5*m - 20, n - 15 = -2*m. Let f = m - -3. Let x = f - 9. What is the units digit of x?
4
Suppose 0 = -j - j. Let r(i) = 0 - 2*i + 2*i**3 - 2*i**2 + 3 + j. What is the units digit of r(2)?
7
Let q = -2 - -4. Suppose -4*t = q*b - 48, -3*b + 10 = 3*t - 8*b. What is the units digit of t?
0
Let j(s) = -s**3 + 9*s**2 + 14*s - 6. Suppose -4*a + 32 = -8. What is the units digit of j(a)?
4
Let x = 14 - 9. Suppose 6*z - 8*z = -40. Suppose x*l - z = l. What is the units digit of l?
5
Let d(p) = 5*p + 16. Let y be d(7). Suppose -3*k - 4*z - y = -4*k, 5*k = -5*z + 230. What is the tens digit of k?
4
Suppose -5*g + 0*i - i = 0, 2*g - 4*i = -22. Let r(a) = -a**2 - 1 - 19*a**3 - 4*a**2 + 4*a**2 + 7*a**3 - a. What is the units digit of r(g)?
1
Suppose 3*t - 153 + 17 = 2*j, -5*t + 235 = -5*j. What is the tens digit of t?
4
Suppose -6 = k - 8. Suppose -k*n + 60 = 8. What is the tens digit of n?
2
Suppose -4*m + 216 = r, r = 3*m + 7 + 244. What is the hundreds digit of r?
2
Let o(g) = -g**3 + g**2 + 2. Let d be o(0). Suppose 30 - d = 4*t. What is the units digit of t?
7
Suppose 3*v + 9 = -0*v. Let q = 5 + v. What is the units digit of q?
2
Let p be (0 + -4)/(4/(-52)). Suppose 3*l - 844 = -p. What is the tens digit of l/15 - (-8)/20?
1
Suppose 0*h - 215 = -5*x + 3*h, 0 